f 2232?
2
What is the tens digit of 26655?
5
What is the thousands digit of 29720?
9
What is the thousands digit of 29252?
9
What is the ten thousands digit of 99664?
9
What is the ten thousands digit of 16259?
1
What is the thousands digit of 7005?
7
What is the thousands digit of 3105?
3
What is the ten thousands digit of 18578?
1
What is the thousands digit of 10491?
0
What is the thousands digit of 3626?
3
What is the hundreds digit of 532?
5
What is the hundreds digit of 8041?
0
What is the thousands digit of 2049?
2
What is the tens digit of 11199?
9
What is the thousands digit of 13783?
3
What is the ten thousands digit of 12110?
1
What is the tens digit of 700?
0
What is the thousands digit of 16573?
6
What is the units digit of 160?
0
What is the hundreds digit of 1544?
5
What is the tens digit of 11500?
0
What is the tens digit of 857?
5
What is the ten thousands digit of 13497?
1
What is the tens digit of 30224?
2
What is the hundreds digit of 15074?
0
What is the tens digit of 581?
8
What is the tens digit of 935?
3
What is the tens digit of 1602?
0
What is the hundreds digit of 52974?
9
What is the units digit of 26265?
5
What is the hundreds digit of 3736?
7
What is the tens digit of 1887?
8
What is the tens digit of 99819?
1
What is the ten thousands digit of 15546?
1
What is the units digit of 2576?
6
What is the units digit of 101?
1
What is the tens digit of 1888?
8
What is the thousands digit of 2215?
2
What is the hundreds digit of 4330?
3
What is the hundreds digit of 1202?
2
What is the thousands digit of 18031?
8
What is the thousands digit of 34085?
4
What is the tens digit of 5391?
9
What is the tens digit of 74693?
9
What is the hundreds digit of 18265?
2
What is the tens digit of 12614?
1
What is the hundreds digit of 470?
4
What is the units digit of 4947?
7
What is the hundreds digit of 457?
4
What is the hundreds digit of 7985?
9
What is the ten thousands digit of 61346?
6
What is the tens digit of 56693?
9
What is the hundreds digit of 84015?
0
What is the ten thousands digit of 34042?
3
What is the units digit of 338?
8
What is the units digit of 1568?
8
What is the hundreds digit of 1898?
8
What is the tens digit of 1812?
1
What is the units digit of 193?
3
What is the thousands digit of 3840?
3
What is the hundreds digit of 1174?
1
What is the tens digit of 5171?
7
What is the units digit of 5788?
8
What is the hundreds digit of 119699?
6
What is the units digit of 5845?
5
What is the units digit of 50841?
1
What is the units digit of 961?
1
What is the tens digit of 1523?
2
What is the thousands digit of 2338?
2
What is the tens digit of 13009?
0
What is the hundreds digit of 341?
3
What is the tens digit of 14292?
9
What is the hundreds digit of 1206?
2
What is the units digit of 2604?
4
What is the hundreds digit of 5462?
4
What is the tens digit of 3984?
8
What is the ten thousands digit of 11151?
1
What is the tens digit of 61432?
3
What is the units digit of 1123?
3
What is the hundreds digit of 17532?
5
What is the thousands digit of 123448?
3
What is the tens digit of 149?
4
What is the units digit of 87905?
5
What is the hundreds digit of 4839?
8
What is the units digit of 25811?
1
What is the tens digit of 3025?
2
What is the hundreds digit of 19866?
8
What is the ten thousands digit of 23169?
2
What is the hundreds digit of 14966?
9
What is the thousands digit of 1013?
1
What is the tens digit of 974?
7
What is the hundreds digit of 1015?
0
What is the thousands digit of 7121?
7
What is the tens digit of 20914?
1
What is the hundreds digit of 3100?
1
What is the hundreds digit of 21187?
1
What is the units digit of 9684?
4
What is the hundreds digit of 84483?
4
What is the tens digit of 511?
1
What is the tens digit of 1085?
8
What is the ten thousands digit of 13991?
1
What is the thousands digit of 42316?
2
What is the tens digit of 3084?
8
What is the hundreds digit of 8653?
6
What is the thousands digit of 3252?
3
What is the thousands digit of 2278?
2
What is the tens digit of 20540?
4
What is the thousands digit of 60162?
0
What is the units digit of 3819?
9
What is the tens digit of 745?
4
What is the tens digit of 2039?
3
What is the tens digit of 5713?
1
What is the units digit of 89171?
1
What is the tens digit of 4492?
9
What is the hundreds digit of 1191?
1
What is the tens digit of 1079?
7
What is the ten thousands digit of 49629?
4
What is the units digit of 1582?
2
What is the hundreds digit of 1168?
1
What is the thousands digit of 1180?
1
What is the tens digit of 3734?
3
What is the thousands digit of 4206?
4
What is the hundreds digit of 762?
7
What is the units digit of 323?
3
What is the hundreds digit of 6510?
5
What is the thousands digit of 3730?
3
What is the ten thousands digit of 25167?
2
What is the tens digit of 98?
9
What is the thousands digit of 2474?
2
What is the units digit of 1070?
0
What is the hundreds digit of 1278?
2
What is the thousands digit of 7484?
7
What is the units digit of 9258?
8
What is the thousands digit of 3125?
3
What is the hundreds digit of 41982?
9
What is the ten thousands digit of 42644?
4
What is the tens digit of 9579?
7
What is the hundreds digit of 24213?
2
What is the thousands digit of 2272?
2
What is the hundreds digit of 7347?
3
What is the thousands digit of 15850?
5
What is the hundreds digit of 586?
5
What is the tens digit of 596?
9
What is the units digit of 223?
3
What is the units digit of 272?
2
What is the thousands digit of 2820?
2
What is the hundreds digit of 7396?
3
What is the hundreds digit of 18573?
5
What is the units digit of 1237?
7
What is the tens digit of 975?
7
What is the tens digit of 2274?
7
What is the thousands digit of 5043?
5
What is the hundreds digit of 643?
6
What is the tens digit of 3058?
5
What is the tens digit of 761?
6
What is the tens digit of 95?
9
What is the units digit of 26926?
6
What is the tens digit of 61821?
2
What is the hundreds digit of 6728?
7
What is the units digit of 36?
6
What is the thousands digit of 94169?
4
What is the thousands digit of 21415?
1
What is the ten thousands digit of 42400?
4
What is the hundreds digit of 365?
3
What is the tens digit of 1029?
2
What is the hundreds digit of 915?
9
What is the tens digit of 1380?
8
What is the thousands digit of 2129?
2
What is the thousands digit of 1556?
1
What is the thousands digit of 85757?
5
What is the thousands digit of 6773?
6
What is the hundreds digit of 783?
7
What is the tens digit of 52031?
3
What is the thousands digit of 91637?
1
What is the units digit of 4551?
1
What is the ten thousands digit of 60670?
6
What is the tens digit of 233?
3
What is the thousands digit of 11278?
1
What is the hundreds digit of 21722?
7
What is the hundreds digit of 4961?
9
What is the hundred thousands digit of 125944?
1
What is the units digit of 586?
6
What is the hundreds digit of 338?
3
What is the tens digit of 1489?
8
What is the hundreds digit of 5280?
2
What is the tens digit of 1310?
1
What is the units digit of 2270?
0
What is the thousands digit of 30402?
0
What is the hundreds digit of 592?
5
What is the tens digit of 1270?
7
What is the hundreds digit of 70718?
7
What is the tens digit of 5603?
0
What is the tens digit of 29296?
9
What is the units digit of 69?
9
What is the hundreds digit of 3236?
2
What is the thousands digit of 49150?
9
What is the units digit of 5179?
9
What is the units digit of 7480?
0
What is the thousands digit of 41960?
1
What is the ten thousands digit of 46047?
4
What is the units digit of 4735?
5
What is the units digit of 2046?
6
What is the tens digit of 3049?
4
What is the thousands digit of 41447?
1
What is the tens digit of 164?
6
What is the hundreds digit of 500?
5
What is the units digit of 47584?
4
What is the thousands digit of 42054?
2
What is the hundreds digit of 80858?
8
What is the units digit of 405?
5
What is the thousands digit of 209020?
9
What is the units digit of 6535?
5
What is the ten thousands digit of 41960?
4
What is the thousands digit of 22868?
2
What is the ten thousands digit of 91592?
9
What is the units digit of 3713?
3
What is the thousands digit of 1367?
1
What is the tens digit of 15820?
2
What is the thousands digit of 9417?
9
What is the ten tho